5)/(((-26)/(-10))/13). What is the highest common factor of u and o?
17
Let l = -11 - -22. Let o = 40 - 16. Suppose -14*x + o = -l*x. Calculate the greatest common factor of 12 and x.
4
Let h = -10121 - -20276. Calculate the greatest common factor of 15 and h.
15
Let c be (-14 + -3)/(2 + -3). Suppose 4*r - 4*f = 452, -3*r = -5*f + f - 334. Let a = r + -84. What is the highest common divisor of c and a?
17
Suppose w - 15 + 9 = 0. Let p = -17 - -22. Suppose p*f - 10*f + 210 = 0. What is the highest common factor of w and f?
6
Suppose 10*v - 18*v + 40 = 0. Suppose -185 = -5*u - v*i, 0*u - 45 = -u + 3*i. What is the highest common factor of 52 and u?
13
Suppose 99767 + 364165 = 135*q - 63108. What is the highest common divisor of 448 and q?
64
Suppose -v - 99 = -2*t - 3*t, -87 = v - 2*t. Let o = v + 115. Suppose 0 = 4*i - 949 - 203. What is the greatest common factor of i and o?
36
Suppose 6*h + 165 = 3*h. Let x = -53 - h. Suppose -x*q = -22 - 0. What is the highest common divisor of 1 and q?
1
Let y be 18/4*(-1 - -3). Let c be (20*-23)/(-5)*(-10)/4. Let g = c + 311. What is the greatest common factor of y and g?
9
Let t(u) = 15*u**2 - 11*u + 7. Let s be t(7). Suppose 110*p - 3025 - 825 = 0. What is the highest common divisor of s and p?
35
Let w = -27692 - -29095. Calculate the greatest common factor of 115 and w.
23
Let a = 273 - 213. Let w be (-2)/18 + a/54 + 11. What is the greatest common factor of 3 and w?
3
Let f be 8 + 291 + -9 + 9. Calculate the highest common divisor of 377 and f.
13
Let u(p) = -208*p - 10. Let t be u(2). Let h = -398 - t. What is the highest common divisor of h and 42?
14
Let t = -2787 + 2967. Calculate the greatest common divisor of 972 and t.
36
Let y(v) = -51*v + 410. Let u be y(8). Calculate the highest common divisor of u and 778.
2
Suppose -8864*c - 15 = -8859*c, a - 2*c - 105 = 0. Calculate the greatest common divisor of a and 65241.
99
Let y(f) = f**2 - 10*f + 1. Let a = 18 + -11. Let o be y(a). Let n be (-22 - o)*-1*1. Calculate the highest common divisor of n and 6.
2
Let b(l) = -l**2 + 130*l - 567. Let s be b(5). What is the highest common divisor of s and 8062?
58
Suppose -546*x + 1090*x + 968 = 566*x. What is the greatest common divisor of 4433 and x?
11
Suppose 12*a + 44*a - 560750 = 31*a. Calculate the highest common divisor of a and 10.
10
Suppose 1362 = 39*u + 273 + 465. Calculate the highest common divisor of 3768 and u.
8
Suppose 5*l + 5225 = 5*c, 2*c - 37*l - 2110 = -39*l. Calculate the highest common factor of c and 650.
50
Let w(q) = 47 - 26 - 13*q + 6*q**2 - 17. Let c be w(3). Calculate the greatest common factor of c and 76.
19
Let t(x) = x**3 + 6*x**2 - 4*x - 4. Let s be t(-3). Let y = 32 - 22. Calculate the greatest common divisor of s and y.
5
Let c(v) = -v + 13. Let q be c(6). Suppose -44 = -q*i - 16. Suppose -4*m = -i*u + 320, -u - u - 3*m = -145. Calculate the highest common divisor of 11 and u.
11
Let i(l) = -l**3 - l**2 + 44*l + 80. Let h be i(-7). Calculate the greatest common divisor of h and 294.
6
Let n(o) = -50*o - 2. Let c be n(-3). Suppose 4*z = c - 20. Suppose -223*g + 16*g - 155*g = -724. What is the greatest common divisor of g and z?
2
Suppose -2*z = 5*x - 0*z - 68, -4*x = -4*z - 32. Suppose 3*a = x - 0. Let t be (2*2/(-4) + 3)*a. Calculate the highest common factor of t and 20.
4
Suppose -h - 4*v + 116 = 0, 3*h = -2*v + 5*v + 288. Calculate the greatest common factor of h and 3550.
50
Suppose 6*s = 2*s + 48. Let r be (-2)/26 - (-138237)/2301. What is the greatest common divisor of r and s?
12
Let r(u) = u**2 + 11*u - 168. Let w be r(-20). What is the greatest common divisor of 242 and w?
2
Let b(f) = f**2 - 4*f - 5. Let d be b(-4). Suppose 3*i + 9 = 0, m = 3*i + 2*i + 9. Let r be (12 + m)/(1*4/6). What is the greatest common factor of r and d?
9
Let d(l) = 16*l + 281. Let h be d(-11). What is the greatest common divisor of h and 1449?
21
Suppose -8*t - 3580 = -13*t. Suppose 4*y - 4*u = -181 - 779, -3*y - u = t. Let c = -170 - y. What is the greatest common factor of 46 and c?
23
Let c = -9097 + 9140. Calculate the greatest common divisor of 19909 and c.
43
Let u = -98345 + 98444. Let c = 211 + -145. Calculate the highest common divisor of u and c.
33
Let z = -5639 - -10399. Suppose 29*h - z = 9*h. What is the greatest common divisor of 14 and h?
14
Let q(u) = 3*u - 2. Let t be q(10). Suppose 960 = -20*m + t*m. Suppose 5*x = 2*b - 57 - 59, x - 140 = -3*b. Calculate the highest common divisor of b and m.
24
Suppose -3*t + 1639 - 133 - 834 = 0. Suppose 0 = 3*i - 0*i - 45. Suppose 2*b - i - 13 = 0. What is the greatest common factor of b and t?
14
Suppose 19*y = 11*y - 120. Let b be 2/(-10) + (-3993)/y. What is the highest common divisor of b and 152?
38
Let f = 11950 - 8270. Suppose -f = 36*u - 44*u. Calculate the highest common factor of 46 and u.
46
Suppose 0 = 391*o - 392*o + 8. Suppose -3*j - 4*w = -436, 2*j + w + 0*w = 299. Calculate the greatest common divisor of j and o.
8
Suppose -5*s + 56 = -s. Let g = -4 + s. Let j(c) = 7*c**2 + 78*c + 73. Let x be j(-1). What is the highest common divisor of g and x?
2
Suppose 60 = 2*i + 4*p, -p = 5*i - 6*i + 30. What is the highest common divisor of i and 10110?
30
Suppose 5*h = -13 + 58. Let z = 26 + h. Suppose g - 5*k - z = 0, 2*g + 0*k - 10 = -5*k. What is the highest common divisor of 10 and g?
5
Suppose o = 4*c - 1269, -10 = -o - 15. What is the greatest common divisor of c and 12?
4
Let j = 57 - 35. Suppose -12 = -2*c + 3*k, 5*c - j = -3*k + 8. Suppose -3*z = -h + 144, 0 = -z + 3*z + c. Calculate the highest common factor of h and 90.
45
Suppose -h - 107 = -2*y - 0*h, -2*y + 122 = 2*h. Suppose 31*l + y = 38*l. Let i be (-1)/2 + (-65)/(-2). What is the greatest common divisor of i and l?
8
Suppose g - 120 = 50. Let f = -66 + g. Suppose f + 1 = c. What is the greatest common divisor of 42 and c?
21
Suppose -180 = 30*y - 36*y. Let m = -388 - -403. Calculate the greatest common factor of y and m.
15
Let z be (162/45 - 3)/((-2)/(-970)). Suppose -b + 9 + z = 0. What is the highest common factor of 12 and b?
12
Let t be -22*((4 - -1) + -3). Let s be (t/(4 + 28/(-6)))/1. What is the highest common divisor of 12 and s?
6
Suppose -2*z + 11 = -3*k, -2*z + 2*k + 14 = -0*z. Suppose 0 = -z*l + 6*l + 32. What is the greatest common factor of 56 and l?
8
Suppose -3*l = 4*u - 584, -5550 = -2*l + 5*u - 5245. Suppose -k - j + 134 = -0*j, -4*k + 2*j + 542 = 0. What is the highest common factor of l and k?
45
Suppose 597 = 7*x + 562. Suppose 3*v - 248 = -4*g + 8*g, x*g = -v + 70. Calculate the greatest common divisor of 10 and v.
10
Suppose -2194 = -6*t - 574. Let p = -1997 + 2057. Calculate the highest common divisor of t and p.
30
Suppose 0*n + 19*n - 95 = 0. Suppose -n*y + 1152 = -y. What is the greatest common divisor of 16 and y?
16
Suppose 5 = -h - 5*l, -h + 6 = -2*l - 3. Suppose -90 = h*b - 11*b. Calculate the highest common factor of b and 375.
15
Let h(d) = -4*d + 348. Let p be h(74). Let j = -93 - -262. Calculate the greatest common divisor of j and p.
13
Let q(u) = 9*u**2 + 22*u - 422. Let a be q(-30). Calculate the greatest common divisor of 232 and a.
58
Suppose -6095*i + 6077*i + 77544 = 0. What is the greatest common factor of i and 36?
12
Let n(f) = 8*f + 15. Suppose 0 = -12*i + 7*i + 3*r, 2*r = -4*i. Let g be n(i). What is the highest common divisor of 6 and g?
3
Suppose 11 = 4*o - 5*y, 2*y = 5*o + 4*y - 55. Let u be 0/(-34) + 0 + 153. What is the greatest common divisor of u and o?
9
Suppose 4364 = 5*j + 344. What is the highest common factor of 12 and j?
12
Let j = -3 + -2. Let x be ((2 - -119) + j)*1. What is the highest common divisor of x and 87?
29
Let s(i) = -4*i**3 + 21*i**2 - 66*i - 64. Let y be s(-16). Calculate the highest common factor of y and 96.
96
Let n be ((-10)/(-8))/(1/4). Suppose -3*b + 50 = -n*s, -5*b - 5*s = -2*b - 40. Suppose 182 = 20*q - 218. What is the highest common factor of b and q?
5
Let y be (-85)/(1*(21/42 - (-6)/(-4))). Let z be ((-3)/6)/(6/(-204)). Calculate the greatest common factor of z and y.
17
Let l(b) = -2*b**3 + 9*b**2 - 10*b + 12. Let i be l(-6). Calculate the highest common divisor of 1296 and i.
36
Let z = 238 - 318. Let l(n) = 4*n**3 + 2. Let m be l(2). Let u be 20/z + m/8. Calculat